{"id":409,"date":"2017-02-28T17:01:25","date_gmt":"2017-02-28T20:01:25","guid":{"rendered":"http:\/\/www.espetro.com.br\/site\/?page_id=409"},"modified":"2025-05-07T10:36:54","modified_gmt":"2025-05-07T13:36:54","slug":"gpr","status":"publish","type":"page","link":"http:\/\/www.espetro.com.br\/site\/gpr\/","title":{"rendered":"GPR &#8211; Gest\u00e3o de Processos Regulat\u00f3rios"},"content":{"rendered":"<p><span style=\"font-weight: 400;\">A ES Petro \u00e9 uma empresa especializada em consultoria para empreendedores do setor de derivados de petr\u00f3leo e biocombust\u00edveis. Com profundo conhecimento das normas da ANP e do INMETRO, oferece solu\u00e7\u00f5es eficazes para os desafios regulat\u00f3rios enfrentados por investidores nesse segmento.<\/span><\/p>\n<p><span style=\"font-weight: 400;\">Al\u00e9m disso, a ES Petro realiza estudos e divulga informa\u00e7\u00f5es relevantes para auxiliar os empreendedores na tomada de decis\u00f5es estrat\u00e9gicas.<\/span><\/p>\n<p><span style=\"font-weight: 400;\">Com a premissa de que &#8220;\u00c9 melhor prevenir do que remediar&#8221;, a ES Petro estruturou a ferramenta <\/span><b>Gest\u00e3o de Processos Regulat\u00f3rios \u2013 GPR<\/b><span style=\"font-weight: 400;\">. Por um custo acess\u00edvel, os clientes t\u00eam acesso a um conjunto abrangente de servi\u00e7os ao longo do per\u00edodo contratual de um ano.<\/span><\/p>\n<p>&nbsp;<\/p>\n<h3><b>Plano de Consultoria ES Petro<\/b><\/h3>\n<p><span style=\"font-weight: 400;\">Os clientes que optam pelo plano de consultoria t\u00eam assegurados:<\/span><\/p>\n<ul>\n<li style=\"font-weight: 400;\" aria-level=\"1\"><span style=\"font-weight: 400;\">Encaminhamento de atualiza\u00e7\u00e3o cadastral conforme exigido pela ANP;<\/span><\/li>\n<li style=\"font-weight: 400;\" aria-level=\"1\"><span style=\"font-weight: 400;\">Monitoramento e informa\u00e7\u00e3o sobre altera\u00e7\u00f5es regulat\u00f3rias promovidas pela ANP;<\/span><\/li>\n<li style=\"font-weight: 400;\" aria-level=\"1\"><span style=\"font-weight: 400;\">Defesa administrativa em todas as inst\u00e2ncias de processos administrativos decorrentes de autos de infra\u00e7\u00e3o lavrados pela ANP ap\u00f3s a assinatura do contrato;<\/span><\/li>\n<li style=\"font-weight: 400;\" aria-level=\"1\"><span style=\"font-weight: 400;\">Parcelamento de d\u00e9bitos junto \u00e0 ANP;<\/span><\/li>\n<li style=\"font-weight: 400;\" aria-level=\"1\"><span style=\"font-weight: 400;\">Defesa administrativa de agentes econ\u00f4micos junto ao INMETRO;<\/span><\/li>\n<li style=\"font-weight: 400;\" aria-level=\"1\"><span style=\"font-weight: 400;\">Atualiza\u00e7\u00e3o sobre altera\u00e7\u00f5es de procedimentos regulat\u00f3rios promovidos pelo INMETRO;<\/span><\/li>\n<li style=\"font-weight: 400;\" aria-level=\"1\"><span style=\"font-weight: 400;\">Assist\u00eancia para manuten\u00e7\u00e3o e regulariza\u00e7\u00e3o da documenta\u00e7\u00e3o exigida pela ANP bem como orienta\u00e7\u00f5es sobre normas da ABNT;<\/span><\/li>\n<li style=\"font-weight: 400;\" aria-level=\"1\"><span style=\"font-weight: 400;\">Notifica\u00e7\u00e3o pr\u00e9via sobre vencimento de documentos e necessidade de renova\u00e7\u00e3o;<\/span><\/li>\n<li style=\"font-weight: 400;\" aria-level=\"1\"><span style=\"font-weight: 400;\">Assist\u00eancia na manuten\u00e7\u00e3o de extintores dentro do prazo de validade;<\/span><\/li>\n<li style=\"font-weight: 400;\" aria-level=\"1\"><span style=\"font-weight: 400;\">Controle da aferi\u00e7\u00e3o da balan\u00e7a decimal em estabelecimentos de revenda de GLP;<\/span><\/li>\n<li style=\"font-weight: 400;\" aria-level=\"1\"><span style=\"font-weight: 400;\"><span style=\"font-weight: 400;\">Orienta\u00e7\u00e3o completa sobre como proceder em caso de fiscaliza\u00e7\u00e3o pela ANP, prevenindo autua\u00e7\u00f5es decorrentes de n\u00e3o atendimento a exig\u00eancias regulat\u00f3rias.<\/span><\/span>&nbsp;<\/li>\n<\/ul>\n<h3><b>Benef\u00edcios do GPR<\/b><\/h3>\n<p><span style=\"font-weight: 400;\">Ao contratar a <\/span><b>Gest\u00e3o de Processos Regulat\u00f3rios \u2013 GPR<\/b><span style=\"font-weight: 400;\">, o empreendedor garante uma consultoria especializada sem os custos e responsabilidades trabalhistas associados \u00e0 contrata\u00e7\u00e3o de equipe interna. Dessa forma, podem concentrar-se na gest\u00e3o operacional do neg\u00f3cio, aumentando a efici\u00eancia, produtividade e rentabilidade, al\u00e9m de fortalecer o relacionamento com os clientes.<\/span><\/p>\n<p><span style=\"font-weight: 400;\">A ES Petro cuida da rela\u00e7\u00e3o do estabelecimento com a ANP e o INMETRO, proporcionando maior seguran\u00e7a regulat\u00f3ria e reduzindo riscos operacionais.<\/span><\/p>\n<p><span style=\"font-weight: 400;\">Entre em contato para saber mais sobre como podemos apoiar a regulariza\u00e7\u00e3o e conformidade do seu neg\u00f3cio em qualquer regi\u00e3o do Brasil.<\/span><\/p>\n<p>&nbsp;<\/p>\n<p><!--End mc_embed_signup--><\/p>\n","protected":false},"excerpt":{"rendered":"<p>A ES Petro \u00e9 uma empresa especializada em consultoria para empreendedores do setor de derivados de petr\u00f3leo e biocombust\u00edveis. Com profundo conhecimento das normas da ANP e do INMETRO, oferece solu\u00e7\u00f5es eficazes para os desafios regulat\u00f3rios enfrentados por investidores nesse<\/p>\n","protected":false},"author":1,"featured_media":0,"parent":0,"menu_order":0,"comment_status":"closed","ping_status":"closed","template":"","meta":{"footnotes":""},"class_list":["post-409","page","type-page","status-publish","hentry"],"_links":{"self":[{"href":"http:\/\/www.espetro.com.br\/site\/wp-json\/wp\/v2\/pages\/409","targetHints":{"allow":["GET"]}}],"collection":[{"href":"http:\/\/www.espetro.com.br\/site\/wp-json\/wp\/v2\/pages"}],"about":[{"href":"http:\/\/www.espetro.com.br\/site\/wp-json\/wp\/v2\/types\/page"}],"author":[{"embeddable":true,"href":"http:\/\/www.espetro.com.br\/site\/wp-json\/wp\/v2\/users\/1"}],"replies":[{"embeddable":true,"href":"http:\/\/www.espetro.com.br\/site\/wp-json\/wp\/v2\/comments?post=409"}],"version-history":[{"count":34,"href":"http:\/\/www.espetro.com.br\/site\/wp-json\/wp\/v2\/pages\/409\/revisions"}],"predecessor-version":[{"id":9948,"href":"http:\/\/www.espetro.com.br\/site\/wp-json\/wp\/v2\/pages\/409\/revisions\/9948"}],"wp:attachment":[{"href":"http:\/\/www.espetro.com.br\/site\/wp-json\/wp\/v2\/media?parent=409"}],"curies":[{"name":"wp","href":"https:\/\/api.w.org\/{rel}","templated":true}]}}